. Determine k(-28).
42
Let w(s) = -2*s + 73. Give w(13).
47
Let x(s) = 3*s**2 - 69*s - 326. Calculate x(-5).
94
Let d(r) = -r**3 + 47*r**2 - 53*r + 316. Give d(46).
-6
Let k(v) = -34*v - 921. Give k(-49).
745
Let c(q) = q**2 + 18*q - 129. What is c(-16)?
-161
Let z(m) = m**3 - 5*m**2 + 8*m - 29. Determine z(8).
227
Let g(k) = 6*k**2 + 135*k + 650. What is g(-15)?
-25
Let w(z) = 39*z - 865. Give w(22).
-7
Let p(b) = -b**3 + 45*b**2 - 462*b + 868. What is p(31)?
0
Let x(t) = t**2 + 350*t - 1057. Calculate x(3).
2
Let n(d) = -175*d + 477. Give n(2).
127
Let l(p) = 20*p**2 + 150*p - 79. Determine l(-8).
1
Let i(m) = -74*m - 2653. Determine i(-33).
-211
Let o(f) = f**3 - 10*f + 3. Determine o(2).
-9
Let j(a) = -a**2 + 102. Calculate j(-15).
-123
Let t(h) = -h**2 - 44*h - 141. Determine t(-40).
19
Let c(k) = k**2 + 61*k + 928. Calculate c(-32).
0
Let t(z) = z**3 - 3*z**2 - 35*z + 117. What is t(4)?
-7
Let s(m) = 7978*m + 79772. Calculate s(-10).
-8
Let o(b) = 73*b - 702. Determine o(10).
28
Let h(r) = -28*r - 236. What is h(-8)?
-12
Let m(v) = -10*v**2 + 9*v - 21. Calculate m(6).
-327
Let j(p) = -p**2 + 11*p + 26. Give j(-3).
-16
Let d(z) = -134*z**2 + 659*z + 61. Determine d(5).
6
Let x(m) = -2*m**2 + 46*m - 24. Determine x(22).
20
Let d(q) = 5*q**2 + 702*q + 306. Give d(-140).
26
Let h(a) = 2*a**2 + 10*a - 110. What is h(-10)?
-10
Let j(z) = 260*z - 1282. Calculate j(4).
-242
Let h(p) = p**2 + 8*p - 655. Calculate h(22).
5
Let w(p) = 12*p**3 + 52*p**2 + 18*p + 9. Determine w(-4).
1
Let j(n) = 22*n**2 + 3*n + 10. Calculate j(0).
10
Let q(b) = -b**3 - 21*b**2 - 42*b - 71. Determine q(-19).
5
Let q(l) = 4*l**2 + 6*l + 9. Determine q(-4).
49
Let n(s) = -119*s - 1446. Give n(-12).
-18
Let l(z) = -z**2 - 125*z + 1318. What is l(10)?
-32
Let u(p) = 13*p - 155. Calculate u(21).
118
Let b(j) = -j**2 - 93*j - 1286. Calculate b(-14).
-180
Let p(m) = -1326*m + 2528. Calculate p(2).
-124
Let i(k) = -1174*k**2 + 3519*k + 1. Determine i(3).
-8
Let f(i) = 1011*i**2 + 9*i - 2. Give f(-1).
1000
Let r(g) = 77*g**2 - 677*g + 482. Calculate r(8).
-6
Let j(h) = h**2 + 30*h + 147. Determine j(-14).
-77
Let d(h) = -116*h - 791. Calculate d(-7).
21
Let w(b) = -b**3 + 5*b**2 - 7*b - 34. Give w(-3).
59
Let q(d) = 355*d - 1061. Calculate q(3).
4
Let g(a) = -417*a + 1565. Determine g(3).
314
Let j(d) = -50*d**2 - 281*d - 164. Calculate j(-5).
-9
Let m(i) = 35*i + 1462. Determine m(-42).
-8
Let m(c) = 225*c + 2445. Determine m(-11).
-30
Let n(x) = -14*x**2 - 2*x + 11. Calculate n(2).
-49
Let s(n) = 10689*n + 32075. What is s(-3)?
8
Let s(r) = 255*r + 501. Determine s(-2).
-9
Let l(j) = 4*j**3 - 15*j**2 - 6*j + 26. Give l(3).
-19
Let k(f) = -f**3 - 22*f**2 + 86*f + 2518. Give k(-20).
-2
Let l(w) = 37*w - 2250. Give l(61).
7
Let w(n) = -36*n - 1927. What is w(-54)?
17
Let j(s) = s**2 - 544*s - 3302. Determine j(-6).
-2
Let b(m) = 2*m**2 + 108*m - 473. Determine b(-58).
-9
Let t(x) = 54*x + 8748. What is t(-162)?
0
Let y(c) = -12*c + 732. Give y(60).
12
Let x(v) = v**3 - 63*v**2 - 351*v - 85. What is x(-5)?
-30
Let m(r) = -107*r - 3305. What is m(-31)?
12
Let w(s) = -2*s**2 - 16*s - 16. Give w(-16).
-272
Let u(h) = -h**2 - 6*h + 17938. Determine u(-137).
-9
Let c(x) = 12*x - 107. Give c(9).
1
Let y(x) = 10*x**2 - 48*x. Determine y(6).
72
Let y(q) = -2*q**2 + 2*q + 570. Give y(-17).
-42
Let h(q) = 586*q - 5249. Calculate h(9).
25
Let f(l) = 33*l**3 - 42*l**2 - 65*l + 64. Calculate f(1).
-10
Let i(g) = g**3 - 126*g**2 + 489*g - 126. Determine i(122).
-4
Let m(i) = 2949*i - 14737. Give m(5).
8
Let u(s) = s**2 - 49*s + 95. Calculate u(47).
1
Let r(l) = -28*l - 686. Give r(-25).
14
Let k(g) = 4*g**2 + 145*g + 92. Calculate k(-35).
-83
Let t(p) = 2*p**3 + p**2 - 61*p + 30. Give t(-6).
0
Let g(v) = 114*v - 7523. Give g(66).
1
Let x(f) = -179*f**2 + 33*f - 54. Calculate x(2).
-704
Let i(v) = v**3 - 36*v**2 - 36*v + 2. Calculate i(37).
39
Let v(o) = -37*o + 27. Give v(2).
-47
Let l(r) = -r**2 + 62*r - 33. Determine l(47).
672
Let n(u) = -7*u**2 + 97*u - 66. Determine n(13).
12
Let j(y) = -y**3 + 71*y**2 + 228*y - 446. Calculate j(74).
-2
Let a(b) = 3*b**3 + 11*b**2 + 18*b - 8. What is a(-2)?
-24
Let b(c) = -1425*c + 18515. What is b(13)?
-10
Let n(w) = 60*w + 2423. What is n(-40)?
23
Let x(r) = -r**2 - 176*r - 6897. What is x(-118)?
-53
Let b(w) = w**3 - 11*w**2 - 30*w + 116. What is b(14)?
284
Let y(j) = j**3 + 4*j**2 - j + 157. Give y(-7).
17
Let c(t) = -40*t - 679. Give c(-20).
121
Let f(x) = 220*x - 226. Determine f(1).
-6
Let r(y) = y**3 + 27*y**2 + 218*y + 65. Give r(-13).
-403
Let g(c) = 10*c - 1049. Calculate g(27).
-779
Let t(g) = -50*g - 452. Calculate t(-9).
-2
Let c(r) = -8*r**3 + 39*r**2 - 310*r + 1573. What is c(5)?
-2
Let a(y) = 6*y**2 - 64*y - 182. Calculate a(13).
0
Let t(w) = -w**2 + 81*w + 1141. Determine t(-13).
-81
Let v(u) = -13*u**2 + 448*u - 856. Determine v(2).
-12
Let n(t) = 2*t**3 + 37*t**2 - 594*t + 433. Give n(-29).
-2
Let i(s) = -s**3 - 10*s**2 - 8*s + 9. Give i(-10).
89
Let v(i) = -7*i**2 + 94*i - 45. Determine v(11).
142
Let c(y) = y**2 - 52*y + 142. What is c(49)?
-5
Let d(c) = -70*c + 262. Give d(4).
-18
Let l(r) = -2*r**3 + 21*r**2 - 7*r - 26. Calculate l(10).
4
Let u(d) = -d**2 + 14*d + 26. Determine u(-2).
-6
Let y(f) = -f**3 + 40*f**2 + 226*f - 52. Determine y(45).
-7
Let m(s) = -2*s**2 - 103*s - 1143. What is m(-16)?
-7
Let k(g) = -g**3 + 2*g**2 - 15*g + 9. What is k(-6)?
387
Let h(w) = -2*w**3 - 40*w**2 - 12*w - 28. Determine h(-20).
212
Let r(o) = -15*o - 249. What is r(-14)?
-39
Let s(o) = -5*o**2 + 39*o - 107. Give s(7).
-79
Let o(s) = s**3 + 11*s**2 + 9*s + 18. Give o(-7).
151
Let m(d) = -11*d**2 - 10*d - 8. Calculate m(-1).
-9
Let u(c) = -247*c + 10616. What is u(43)?
-5
Let s(f) = 44*f - 787. Determine s(18).
5
Let d(i) = i**3 - 19*i**2 - 28*i + 7. Determine d(21).
301
Let s(i) = 148*i - 751. What is s(5)?
-11
Let o(c) = 32*c**2 - 534*c - 1188. Determine o(-2).
8
Let r(v) = -123*v - 1818. Determine r(-15).
27
Let i(g) = 2*g**2 + 17*g + 54. Give i(-6).
24
Let n(w) = 85*w + 3191. Calculate n(-40).
-209
Let t(b) = -b**3 + 10*b**2 - 7*b - 53. Determine t(7).
45
Let s(i) = 2*i**2 - 37*i - 218. What is s(22)?
-64
Let d(y) = 3*y**2 - 3*y + 11. Determine d(4).
47
Let g(u) = -7*u**2 + 308*u - 78. Give g(44).
-78
Let j(n) = 659*n + 17132. Calculate j(-26).
-2
Let u(i) = -44*i**2 - 418*i - 415. Determine u(-1).
-41
Let i(m) = 49*m + 1116. Give i(-24).
-60
Let x(w) = -7005*w - 70042. Determine x(-10).
8
Let y(g) = 17*g - 409. What is y(43)?
322
Let w(g) = 2*g**2 - 2466*g + 22036. What is w(9)?
4
Let y(u) = -19*u**2 - 171*u + 3. Calculate y(-9).
3
Let s(c) = 2*c**3 - 2*c**2 + 5*c + 39. Calculate s(0).
39
Let w(x) = 114*x + 13331. Calculate w(-117).
-7
Let j(f) = -46*f - 1594. What is j(-38)?
154
Let i(g) = 2*g**3 + g**2 + 26*g + 123. Calculate i(0).
123
Let y(f) = 4*f**2 - 9*f + 23. What is y(2)?
21
Let l(q) = -q**3 + 48*q**2 - 7*q + 46. Give l(0).
46
Let z(x) = 3*x**3 - 81*x**2 - 7*x + 28. Give z(27).
-161
Let x(c) = c**3 - 52*c**2 - 686*c + 79. Give x(-11).
2
Let c(v) = v**3 - v**2 - 50*v + 52. What is c(-8)?
-124
Let b(k) = -k**2 - 27*k + 171. Give b(-38).
-247
Let d(z) = -365*z + 6203. What is d(17)?
-2
Let s(n) = 2*n**2 + 33*n + 3. Calculate s(-15).
-42
Let k(r) = -4661*r + 18619. What is k(4)?
-25
Let v(w) = -9*w - 678. Determine v(-72).
-30
Let w(r) = -r**3 - 7*r**2 + 9*r + 29. What is w(-11)?
414
Let w(q) = -37*q - 1. Determine w(2).
-75
Let l(o) = -o**2 - 13*o + 69. Calculate l(7).
-71
Let w(z) = -z**2 + 3488*z + 10473. Give w(-3).
0
Let f(i) = -3*i**2 + 4*i + 12. What is f(5)?
-43
Let f(j) = -40*j - 5. Calculate f(-8).
315
Let v(g) = -558*g**2 + 16738*g + 58. Determine v(30).
-2
Let d(r) = -50*r**2 - 549*r - 22. What is d(-11)?
-33
Let b(t) = -2840*t + 19892. What is b(7)?
12
Let x(f) = f**3 - 46*f**2 + 246*f - 243. Determine x(40).
-3
Let z(b) = 5*b**3 + 280*b**2 - 25. Give z(-56).
-25
Let x(o) = 5*o**3 + o**2 - 16*o + 18. Give x(-3).
-60
Let r(y) = -22104*y + 66335. What is r(3)?
23
Let z(l) = l**2 - 63*l + 263. Determine z(4).
27
Let b(v) = -6*v**2 - 130*v - 479. Calculate b(-17).
-3
Let o(p) = -p - 207. What is o(-38)?
-169
Let o(v) = -8*v**3 + 24*v**2 + 11*v - 14. Determine o(3).
19
Let w(d) = 146*d + 10806. Calculate w(-74).
2
Let p(t)